{"id":717,"date":"2021-07-13T12:18:29","date_gmt":"2021-07-13T10:18:29","guid":{"rendered":"https:\/\/delfinseele.de\/?page_id=717"},"modified":"2022-07-30T13:15:25","modified_gmt":"2022-07-30T11:15:25","slug":"biodynamische-craniosacrale-koerperarbeit","status":"publish","type":"page","link":"https:\/\/delfinseele.de\/index.php\/biodynamische-craniosacrale-koerperarbeit\/","title":{"rendered":"Biodynamische Craniosacrale K\u00f6rperarbeit"},"content":{"rendered":"<p><div class=\"fusion-fullwidth fullwidth-box fusion-builder-row-1 nonhundred-percent-fullwidth non-hundred-percent-height-scrolling\" style=\"--awb-border-radius-top-left:0px;--awb-border-radius-top-right:0px;--awb-border-radius-bottom-right:0px;--awb-border-radius-bottom-left:0px;--awb-flex-wrap:wrap;\" ><div class=\"fusion-builder-row fusion-row\"><div class=\"fusion-layout-column fusion_builder_column fusion-builder-column-0 fusion_builder_column_1_1 1_1 fusion-one-full fusion-column-first fusion-column-last\" style=\"--awb-bg-size:cover;\"><div class=\"fusion-column-wrapper fusion-column-has-shadow fusion-flex-column-wrapper-legacy\"><div class=\"fusion-title title fusion-title-1 fusion-sep-none fusion-title-center fusion-title-text fusion-title-size-one\" style=\"--awb-margin-bottom:0px;--awb-margin-bottom-small:0px;\"><h1 class=\"fusion-title-heading title-heading-center fusion-responsive-typography-calculated\" style=\"margin:0;--fontSize:32;line-height:1.4;\">Biodynamische<br \/>\nCraniosacrale K\u00f6rperarbeit<\/h1><\/div><div class=\"fusion-image-element fusion-image-align-center in-legacy-container\" style=\"text-align:center;--awb-max-width:150px;--awb-caption-title-font-family:var(--h2_typography-font-family);--awb-caption-title-font-weight:var(--h2_typography-font-weight);--awb-caption-title-font-style:var(--h2_typography-font-style);--awb-caption-title-size:var(--h2_typography-font-size);--awb-caption-title-transform:var(--h2_typography-text-transform);--awb-caption-title-line-height:var(--h2_typography-line-height);--awb-caption-title-letter-spacing:var(--h2_typography-letter-spacing);\"><div class=\"imageframe-align-center\"><span class=\" fusion-imageframe imageframe-none imageframe-1 hover-type-none\"><img decoding=\"async\" width=\"400\" height=\"132\" title=\"petra-topfstaedt-ornamente\" src=\"https:\/\/delfinseele.de\/wp-content\/uploads\/2019\/11\/petra-topfstaedt-ornamente-400x132.png\" alt class=\"img-responsive wp-image-480\" srcset=\"https:\/\/delfinseele.de\/wp-content\/uploads\/2019\/11\/petra-topfstaedt-ornamente-200x66.png 200w, https:\/\/delfinseele.de\/wp-content\/uploads\/2019\/11\/petra-topfstaedt-ornamente-400x132.png 400w, https:\/\/delfinseele.de\/wp-content\/uploads\/2019\/11\/petra-topfstaedt-ornamente-600x198.png 600w, https:\/\/delfinseele.de\/wp-content\/uploads\/2019\/11\/petra-topfstaedt-ornamente-800x264.png 800w, https:\/\/delfinseele.de\/wp-content\/uploads\/2019\/11\/petra-topfstaedt-ornamente.png 1000w\" sizes=\"(max-width: 800px) 100vw, 400px\" \/><\/span><\/div><\/div><div class=\"fusion-sep-clear\"><\/div><div class=\"fusion-separator fusion-full-width-sep\" style=\"margin-left: auto;margin-right: auto;margin-bottom:40px;width:100%;\"><\/div><div class=\"fusion-sep-clear\"><\/div><div class=\"fusion-clearfix\"><\/div><\/div><\/div><div class=\"fusion-layout-column fusion_builder_column fusion-builder-column-1 fusion_builder_column_1_1 1_1 fusion-one-full fusion-column-first fusion-column-last\" style=\"--awb-bg-size:cover;\"><div class=\"fusion-column-wrapper fusion-column-has-shadow fusion-flex-column-wrapper-legacy\"><div class=\"fusion-title title fusion-title-2 fusion-sep-none fusion-title-text fusion-title-size-three\"><h3 class=\"fusion-title-heading title-heading-left fusion-responsive-typography-calculated\" style=\"margin:0;--fontSize:17;--minFontSize:17;line-height:1.5;\">Diese Arbeit kann hilfreich sein bei<\/h3><\/div><div class=\"fusion-clearfix\"><\/div><\/div><\/div><div class=\"fusion-layout-column fusion_builder_column fusion-builder-column-2 fusion_builder_column_2_5 2_5 fusion-two-fifth fusion-column-first\" style=\"--awb-bg-size:cover;width:40%;width:calc(40% - ( ( 4% ) * 0.4 ) );margin-right: 4%;\"><div class=\"fusion-column-wrapper fusion-column-has-shadow fusion-flex-column-wrapper-legacy\"><ul style=\"--awb-line-height:27.2px;--awb-icon-width:27.2px;--awb-icon-height:27.2px;--awb-icon-margin:11.2px;--awb-content-margin:38.4px;\" class=\"fusion-checklist fusion-checklist-1 fusion-checklist-default type-icons\"><li class=\"fusion-li-item\" style=\"\"><span class=\"icon-wrapper circle-no\"><i class=\"fusion-li-icon fa-atom fas\" aria-hidden=\"true\"><\/i><\/span><div class=\"fusion-li-item-content\">\n<p>k\u00f6rperlichen und nervlichen Spannungszust\u00e4nden<\/p>\n<\/div><\/li><li class=\"fusion-li-item\" style=\"\"><span class=\"icon-wrapper circle-no\"><i class=\"fusion-li-icon fa-atom fas\" aria-hidden=\"true\"><\/i><\/span><div class=\"fusion-li-item-content\">\n<p>akuten und chronischen Schmerzen<\/p>\n<\/div><\/li><li class=\"fusion-li-item\" style=\"\"><span class=\"icon-wrapper circle-no\"><i class=\"fusion-li-icon fa-atom fas\" aria-hidden=\"true\"><\/i><\/span><div class=\"fusion-li-item-content\">\n<p>Beschwerden des Bewegungsapparates<\/p>\n<\/div><\/li><li class=\"fusion-li-item\" style=\"\"><span class=\"icon-wrapper circle-no\"><i class=\"fusion-li-icon fa-atom fas\" aria-hidden=\"true\"><\/i><\/span><div class=\"fusion-li-item-content\">\n<p>Stress, Unruhe, Ersch\u00f6pfung, Burnout<\/p>\n<\/div><\/li><li class=\"fusion-li-item\" style=\"\"><span class=\"icon-wrapper circle-no\"><i class=\"fusion-li-icon fa-atom fas\" aria-hidden=\"true\"><\/i><\/span><div class=\"fusion-li-item-content\">\n<p>Kopfschmerzen, Nacken- und Kieferbeschwerden<\/p>\n<\/div><\/li><li class=\"fusion-li-item\" style=\"\"><span class=\"icon-wrapper circle-no\"><i class=\"fusion-li-icon fa-atom fas\" aria-hidden=\"true\"><\/i><\/span><div class=\"fusion-li-item-content\">\n<p>organischen Beschwerden<\/p>\n<\/div><\/li><li class=\"fusion-li-item\" style=\"\"><span class=\"icon-wrapper circle-no\"><i class=\"fusion-li-icon fa-atom fas\" aria-hidden=\"true\"><\/i><\/span><div class=\"fusion-li-item-content\">\n<p>Verdauungsbeschwerden<\/p>\n<\/div><\/li><li class=\"fusion-li-item\" style=\"\"><span class=\"icon-wrapper circle-no\"><i class=\"fusion-li-icon fa-atom fas\" aria-hidden=\"true\"><\/i><\/span><div class=\"fusion-li-item-content\">\n<p>Schlafproblemen, Konzentrationsst\u00f6rungen<\/p>\n<\/div><\/li><li class=\"fusion-li-item\" style=\"\"><span class=\"icon-wrapper circle-no\"><i class=\"fusion-li-icon fa-atom fas\" aria-hidden=\"true\"><\/i><\/span><div class=\"fusion-li-item-content\">\n<p>Beschwerden nach Unf\u00e4llen und Operationen<\/p>\n<\/div><\/li><li class=\"fusion-li-item\" style=\"\"><span class=\"icon-wrapper circle-no\"><i class=\"fusion-li-icon fa-atom fas\" aria-hidden=\"true\"><\/i><\/span><div class=\"fusion-li-item-content\">\n<p>emotionalen Prozessen und Angstzust\u00e4nden<\/p>\n<\/div><\/li><li class=\"fusion-li-item\" style=\"\"><span class=\"icon-wrapper circle-no\"><i class=\"fusion-li-icon fa-atom fas\" aria-hidden=\"true\"><\/i><\/span><div class=\"fusion-li-item-content\">\n<p>zur St\u00e4rkung der Selbstheilungskr\u00e4fte<\/p>\n<\/div><\/li><li class=\"fusion-li-item\" style=\"\"><span class=\"icon-wrapper circle-no\"><i class=\"fusion-li-icon fa-atom fas\" aria-hidden=\"true\"><\/i><\/span><div class=\"fusion-li-item-content\">\n<p>und vieles mehr<\/p>\n<\/div><\/li><\/ul><div class=\"fusion-clearfix\"><\/div><\/div><\/div><div class=\"fusion-layout-column fusion_builder_column fusion-builder-column-3 fusion_builder_column_3_5 3_5 fusion-three-fifth fusion-column-last\" style=\"--awb-bg-size:cover;width:60%;width:calc(60% - ( ( 4% ) * 0.6 ) );\"><div class=\"fusion-column-wrapper fusion-column-has-shadow fusion-flex-column-wrapper-legacy\"><div class=\"fusion-column-content-centered\"><div class=\"fusion-column-content\"><div class=\"fusion-sep-clear\"><\/div><div class=\"fusion-separator fusion-no-small-visibility fusion-no-medium-visibility fusion-full-width-sep\" style=\"margin-left: auto;margin-right: auto;margin-top:50px;width:100%;\"><\/div><div class=\"fusion-sep-clear\"><\/div><div class=\"fusion-image-element in-legacy-container\" style=\"--awb-max-width:400px;--awb-caption-title-font-family:var(--h2_typography-font-family);--awb-caption-title-font-weight:var(--h2_typography-font-weight);--awb-caption-title-font-style:var(--h2_typography-font-style);--awb-caption-title-size:var(--h2_typography-font-size);--awb-caption-title-transform:var(--h2_typography-text-transform);--awb-caption-title-line-height:var(--h2_typography-line-height);--awb-caption-title-letter-spacing:var(--h2_typography-letter-spacing);\"><span class=\" fusion-imageframe imageframe-none imageframe-2 hover-type-none\"><img decoding=\"async\" width=\"723\" height=\"467\" title=\"Wellenanimation_Final_720p_aufgehellt\" src=\"https:\/\/delfinseele.de\/wp-content\/uploads\/2021\/10\/Wellenanimation_Final_720p_aufgehellt-1.gif\" alt class=\"img-responsive wp-image-782\"\/><\/span><\/div><\/div><\/div><div class=\"fusion-clearfix\"><\/div><\/div><\/div><div class=\"fusion-layout-column fusion_builder_column fusion-builder-column-4 fusion_builder_column_1_1 1_1 fusion-one-full fusion-column-first fusion-column-last\" style=\"--awb-bg-size:cover;\"><div class=\"fusion-column-wrapper fusion-column-has-shadow fusion-flex-column-wrapper-legacy\"><div class=\"fusion-text fusion-text-1\"><p>Die <span style=\"color: #b41464;\">biodynamische craniosacrale K\u00f6rperarbeit<\/span> (kurz: Cranio) hat sich aus der Osteopathie entwickelt und basiert auf dem craniosacralen Rhythmus, dem feinen Pulsieren des Liquors (Gehirn- und R\u00fcckenmarksfl\u00fcssigkeit). Der Liquor pulsiert zwischen Cranium (Sch\u00e4del) und Sacrum (Kreuzbein), wobei dieser rhythmische Fluss sich \u00fcber die Faszien im ganzen K\u00f6rper fortsetzt und somit \u00fcberall sp\u00fcrbar ist.<br \/>\u00dcber diesen Liquorkreislauf leitet das Gehirn wichtige Informationen an den ganzen K\u00f6rper weiter, um seine gesunde Funktion aufrechtzuerhalten.<br \/>Ist der craniosacrale Rhythmus gest\u00f6rt, werden diese Impulse nicht mehr richtig weitergeleitet.<br \/>Das craniosacrale System steht in Wechselbeziehung zum Nerven-, Gef\u00e4\u00df- und Lymphsystem sowie zum Hormon-, Muskel-, Atmungs- und Skelettsystem. Es hat somit einen gro\u00dfen Einfluss auf unser Wohlbefinden.<\/p>\n<p>Nach einem Vorgespr\u00e4ch d\u00fcrfen Sie auf meiner Liege entspannen. Dabei unterst\u00fctzen meine H\u00e4nde Ihren K\u00f6rper achtsam durch sanfte Ber\u00fchrungen, damit er Blockaden und Bewegungseinschr\u00e4nkungen in seinem ganz eigenen Rhythmus l\u00f6sen kann. Sie d\u00fcrfen sich vertrauensvoll fallen lassen, so dass sich k\u00f6rperliche und seelische Anspannungen l\u00f6sen k\u00f6nnen. Ihr Organismus kann sich so neu regulieren.<\/p>\n<p>Die behutsame Ber\u00fchrung meiner H\u00e4nde erm\u00f6glicht Ihrem K\u00f6rper, auf seine eigene Weise gespeicherte Traumen (z.B. Erlebnisse, Schock, Unf\u00e4lle oder Operationen) und Stress aus dem Zellged\u00e4chtnis zu l\u00f6sen.<br \/>Der Zustand Ihres craniosacralen Rhythmus ist direkt mit Ihren seelischen Prozessen verbunden.<br \/>Wenn w\u00e4hrend der Sitzung Themen auftauchen, unterst\u00fctze ich Sie gerne dabei, Ihren pers\u00f6nlichen Weg besser zu sehen und somit anstehende L\u00f6sungen zu erkennen.<\/p>\n<p>Durch Cranio erfahren Klienten oft ein Gef\u00fchl von Leichtigkeit und tiefer k\u00f6rperlicher und seelischer Entspannung, mehr Energie und Bewegungsfreiheit.<br \/>Selbstheilungskr\u00e4fte werden gest\u00e4rkt, das Nervensystem wird ausgeglichen. Sie k\u00f6nnen so auch wieder lernen, Ihren K\u00f6rper zu sp\u00fcren und mehr zu sich zu finden.<\/p>\n<p>Durch meine Verbindung mit Engelenergien ist eine zus\u00e4tzliche Vertiefung sp\u00fcrbar.<\/p>\n<p>Diese Arbeit ist f\u00fcr Menschen jeden Alters geeignet und kann begleitend zu anderen Therapieformen eingesetzt werden.<\/p>\n<p>Eine Cranio-Sitzung dauert incl. Vor- und Nachgespr\u00e4ch ca. 1,5 bis 2 Stunden.<\/p>\n<p>Cranio ist kein Ersatz f\u00fcr eine \u00e4rztliche Behandlung!<\/p>\n<p>F\u00fcr weitere Informationen nehmen Sie bitte unverbindlich mit mir Kontakt auf.<\/p>\n<\/div><div class=\"fusion-clearfix\"><\/div><\/div><\/div><div class=\"fusion-layout-column fusion_builder_column fusion-builder-column-5 fusion_builder_column_1_5 1_5 fusion-one-fifth fusion-column-first\" style=\"--awb-bg-size:cover;width:20%;width:calc(20% - ( ( 4% ) * 0.2 ) );margin-right: 4%;\"><div class=\"fusion-column-wrapper fusion-column-has-shadow fusion-flex-column-wrapper-legacy\"><div class=\"fusion-text fusion-text-2\"><p>Ich freue mich auf Sie!<\/p>\n<\/div><div class=\"fusion-clearfix\"><\/div><\/div><\/div><div class=\"fusion-layout-column fusion_builder_column fusion-builder-column-6 fusion_builder_column_4_5 4_5 fusion-four-fifth fusion-column-last\" style=\"--awb-bg-size:cover;--awb-margin-top:-10px;width:80%;width:calc(80% - ( ( 4% ) * 0.8 ) );\"><div class=\"fusion-column-wrapper fusion-column-has-shadow fusion-flex-column-wrapper-legacy\"><div class=\"fusion-image-element fusion-image-align-left fusion-no-small-visibility in-legacy-container\" style=\"text-align:left;--awb-max-width:30px;--awb-caption-title-font-family:var(--h2_typography-font-family);--awb-caption-title-font-weight:var(--h2_typography-font-weight);--awb-caption-title-font-style:var(--h2_typography-font-style);--awb-caption-title-size:var(--h2_typography-font-size);--awb-caption-title-transform:var(--h2_typography-text-transform);--awb-caption-title-line-height:var(--h2_typography-line-height);--awb-caption-title-letter-spacing:var(--h2_typography-letter-spacing);\"><span class=\" fusion-imageframe imageframe-none imageframe-3 hover-type-none\" style=\"margin-right:25px;float:left;\"><img decoding=\"async\" width=\"300\" height=\"272\" title=\"delfinseele-petra-topfstaedt-schmetterling-2\" src=\"https:\/\/delfinseele.de\/wp-content\/uploads\/2019\/10\/delfinseele-petra-topfstaedt-schmetterling-2.png\" alt class=\"img-responsive wp-image-323\" srcset=\"https:\/\/delfinseele.de\/wp-content\/uploads\/2019\/10\/delfinseele-petra-topfstaedt-schmetterling-2-200x181.png 200w, https:\/\/delfinseele.de\/wp-content\/uploads\/2019\/10\/delfinseele-petra-topfstaedt-schmetterling-2.png 300w\" sizes=\"(max-width: 800px) 100vw, 300px\" \/><\/span><\/div><div class=\"fusion-image-element fusion-image-align-center fusion-no-medium-visibility fusion-no-large-visibility in-legacy-container\" style=\"text-align:center;--awb-max-width:30px;--awb-caption-title-font-family:var(--h2_typography-font-family);--awb-caption-title-font-weight:var(--h2_typography-font-weight);--awb-caption-title-font-style:var(--h2_typography-font-style);--awb-caption-title-size:var(--h2_typography-font-size);--awb-caption-title-transform:var(--h2_typography-text-transform);--awb-caption-title-line-height:var(--h2_typography-line-height);--awb-caption-title-letter-spacing:var(--h2_typography-letter-spacing);\"><div class=\"imageframe-align-center\"><span class=\" fusion-imageframe imageframe-none imageframe-4 hover-type-none\"><img decoding=\"async\" width=\"300\" height=\"272\" title=\"delfinseele-petra-topfstaedt-schmetterling-2\" src=\"https:\/\/delfinseele.de\/wp-content\/uploads\/2019\/10\/delfinseele-petra-topfstaedt-schmetterling-2.png\" alt class=\"img-responsive wp-image-323\" srcset=\"https:\/\/delfinseele.de\/wp-content\/uploads\/2019\/10\/delfinseele-petra-topfstaedt-schmetterling-2-200x181.png 200w, https:\/\/delfinseele.de\/wp-content\/uploads\/2019\/10\/delfinseele-petra-topfstaedt-schmetterling-2.png 300w\" sizes=\"(max-width: 800px) 100vw, 300px\" \/><\/span><\/div><\/div><div class=\"fusion-clearfix\"><\/div><\/div><\/div><\/div><\/div><div class=\"fusion-fullwidth fullwidth-box fusion-builder-row-2 fusion-flex-container nonhundred-percent-fullwidth non-hundred-percent-height-scrolling\" style=\"--awb-border-radius-top-left:0px;--awb-border-radius-top-right:0px;--awb-border-radius-bottom-right:0px;--awb-border-radius-bottom-left:0px;--awb-flex-wrap:wrap;\" ><div class=\"fusion-builder-row fusion-row fusion-flex-align-items-flex-start fusion-flex-content-wrap\" style=\"max-width:1040px;margin-left: calc(-4% \/ 2 );margin-right: calc(-4% \/ 2 );\"><\/div><\/div><\/p>\n","protected":false},"excerpt":{"rendered":"","protected":false},"author":2,"featured_media":0,"parent":0,"menu_order":0,"comment_status":"closed","ping_status":"closed","template":"","meta":{"footnotes":""},"class_list":["post-717","page","type-page","status-publish","hentry"],"yoast_head":"<!-- This site is optimized with the Yoast SEO plugin v27.4 - https:\/\/yoast.com\/product\/yoast-seo-wordpress\/ -->\n<title>Biodynamische Craniosacrale K\u00f6rperarbeit - Delfinseele - Petra Topfst\u00e4dt<\/title>\n<meta name=\"description\" content=\"Echte Heilung beginnt in der Seele. Reiki, Innere Seelenarbeit, R.E.S.E.T. Kieferentspannung und Wirbels\u00e4ulenaufrichtung. Jetzt Termin vereinbaren.\" \/>\n<meta name=\"robots\" content=\"index, follow, max-snippet:-1, max-image-preview:large, max-video-preview:-1\" \/>\n<link rel=\"canonical\" href=\"https:\/\/delfinseele.de\/index.php\/biodynamische-craniosacrale-koerperarbeit\/\" \/>\n<meta property=\"og:locale\" content=\"de_DE\" \/>\n<meta property=\"og:type\" content=\"article\" \/>\n<meta property=\"og:title\" content=\"Biodynamische Craniosacrale K\u00f6rperarbeit - Delfinseele - Petra Topfst\u00e4dt\" \/>\n<meta property=\"og:description\" content=\"Echte Heilung beginnt in der Seele. Reiki, Innere Seelenarbeit, R.E.S.E.T. Kieferentspannung und Wirbels\u00e4ulenaufrichtung. Jetzt Termin vereinbaren.\" \/>\n<meta property=\"og:url\" content=\"https:\/\/delfinseele.de\/index.php\/biodynamische-craniosacrale-koerperarbeit\/\" \/>\n<meta property=\"og:site_name\" content=\"Delfinseele - Petra Topfst\u00e4dt\" \/>\n<meta property=\"article:modified_time\" content=\"2022-07-30T11:15:25+00:00\" \/>\n<meta name=\"twitter:card\" content=\"summary_large_image\" \/>\n<meta name=\"twitter:label1\" content=\"Gesch\u00e4tzte Lesezeit\" \/>\n\t<meta name=\"twitter:data1\" content=\"8\u00a0Minuten\" \/>\n<script type=\"application\/ld+json\" class=\"yoast-schema-graph\">{\"@context\":\"https:\\\/\\\/schema.org\",\"@graph\":[{\"@type\":\"WebPage\",\"@id\":\"https:\\\/\\\/delfinseele.de\\\/index.php\\\/biodynamische-craniosacrale-koerperarbeit\\\/\",\"url\":\"https:\\\/\\\/delfinseele.de\\\/index.php\\\/biodynamische-craniosacrale-koerperarbeit\\\/\",\"name\":\"Biodynamische Craniosacrale K\u00f6rperarbeit - Delfinseele - Petra Topfst\u00e4dt\",\"isPartOf\":{\"@id\":\"https:\\\/\\\/delfinseele.de\\\/#website\"},\"datePublished\":\"2021-07-13T10:18:29+00:00\",\"dateModified\":\"2022-07-30T11:15:25+00:00\",\"description\":\"Echte Heilung beginnt in der Seele. Reiki, Innere Seelenarbeit, R.E.S.E.T. Kieferentspannung und Wirbels\u00e4ulenaufrichtung. Jetzt Termin vereinbaren.\",\"breadcrumb\":{\"@id\":\"https:\\\/\\\/delfinseele.de\\\/index.php\\\/biodynamische-craniosacrale-koerperarbeit\\\/#breadcrumb\"},\"inLanguage\":\"de\",\"potentialAction\":[{\"@type\":\"ReadAction\",\"target\":[\"https:\\\/\\\/delfinseele.de\\\/index.php\\\/biodynamische-craniosacrale-koerperarbeit\\\/\"]}]},{\"@type\":\"BreadcrumbList\",\"@id\":\"https:\\\/\\\/delfinseele.de\\\/index.php\\\/biodynamische-craniosacrale-koerperarbeit\\\/#breadcrumb\",\"itemListElement\":[{\"@type\":\"ListItem\",\"position\":1,\"name\":\"Startseite\",\"item\":\"https:\\\/\\\/delfinseele.de\\\/\"},{\"@type\":\"ListItem\",\"position\":2,\"name\":\"Biodynamische Craniosacrale K\u00f6rperarbeit\"}]},{\"@type\":\"WebSite\",\"@id\":\"https:\\\/\\\/delfinseele.de\\\/#website\",\"url\":\"https:\\\/\\\/delfinseele.de\\\/\",\"name\":\"Delfinseele - Petra Topfst\u00e4dt\",\"description\":\"Energetische K\u00f6rper- und Seelenarbeit\",\"publisher\":{\"@id\":\"https:\\\/\\\/delfinseele.de\\\/#organization\"},\"potentialAction\":[{\"@type\":\"SearchAction\",\"target\":{\"@type\":\"EntryPoint\",\"urlTemplate\":\"https:\\\/\\\/delfinseele.de\\\/?s={search_term_string}\"},\"query-input\":{\"@type\":\"PropertyValueSpecification\",\"valueRequired\":true,\"valueName\":\"search_term_string\"}}],\"inLanguage\":\"de\"},{\"@type\":\"Organization\",\"@id\":\"https:\\\/\\\/delfinseele.de\\\/#organization\",\"name\":\"Delfinseele - Petra Topfst\u00e4dt\",\"url\":\"https:\\\/\\\/delfinseele.de\\\/\",\"logo\":{\"@type\":\"ImageObject\",\"inLanguage\":\"de\",\"@id\":\"https:\\\/\\\/delfinseele.de\\\/#\\\/schema\\\/logo\\\/image\\\/\",\"url\":\"https:\\\/\\\/delfinseele.de\\\/wp-content\\\/uploads\\\/2019\\\/07\\\/petra-topfstaedt-delfinseele-logo-144.png\",\"contentUrl\":\"https:\\\/\\\/delfinseele.de\\\/wp-content\\\/uploads\\\/2019\\\/07\\\/petra-topfstaedt-delfinseele-logo-144.png\",\"width\":144,\"height\":144,\"caption\":\"Delfinseele - Petra Topfst\u00e4dt\"},\"image\":{\"@id\":\"https:\\\/\\\/delfinseele.de\\\/#\\\/schema\\\/logo\\\/image\\\/\"}}]}<\/script>\n<!-- \/ Yoast SEO plugin. -->","yoast_head_json":{"title":"Biodynamische Craniosacrale K\u00f6rperarbeit - Delfinseele - Petra Topfst\u00e4dt","description":"Echte Heilung beginnt in der Seele. Reiki, Innere Seelenarbeit, R.E.S.E.T. Kieferentspannung und Wirbels\u00e4ulenaufrichtung. Jetzt Termin vereinbaren.","robots":{"index":"index","follow":"follow","max-snippet":"max-snippet:-1","max-image-preview":"max-image-preview:large","max-video-preview":"max-video-preview:-1"},"canonical":"https:\/\/delfinseele.de\/index.php\/biodynamische-craniosacrale-koerperarbeit\/","og_locale":"de_DE","og_type":"article","og_title":"Biodynamische Craniosacrale K\u00f6rperarbeit - Delfinseele - Petra Topfst\u00e4dt","og_description":"Echte Heilung beginnt in der Seele. Reiki, Innere Seelenarbeit, R.E.S.E.T. Kieferentspannung und Wirbels\u00e4ulenaufrichtung. Jetzt Termin vereinbaren.","og_url":"https:\/\/delfinseele.de\/index.php\/biodynamische-craniosacrale-koerperarbeit\/","og_site_name":"Delfinseele - Petra Topfst\u00e4dt","article_modified_time":"2022-07-30T11:15:25+00:00","twitter_card":"summary_large_image","twitter_misc":{"Gesch\u00e4tzte Lesezeit":"8\u00a0Minuten"},"schema":{"@context":"https:\/\/schema.org","@graph":[{"@type":"WebPage","@id":"https:\/\/delfinseele.de\/index.php\/biodynamische-craniosacrale-koerperarbeit\/","url":"https:\/\/delfinseele.de\/index.php\/biodynamische-craniosacrale-koerperarbeit\/","name":"Biodynamische Craniosacrale K\u00f6rperarbeit - Delfinseele - Petra Topfst\u00e4dt","isPartOf":{"@id":"https:\/\/delfinseele.de\/#website"},"datePublished":"2021-07-13T10:18:29+00:00","dateModified":"2022-07-30T11:15:25+00:00","description":"Echte Heilung beginnt in der Seele. Reiki, Innere Seelenarbeit, R.E.S.E.T. Kieferentspannung und Wirbels\u00e4ulenaufrichtung. Jetzt Termin vereinbaren.","breadcrumb":{"@id":"https:\/\/delfinseele.de\/index.php\/biodynamische-craniosacrale-koerperarbeit\/#breadcrumb"},"inLanguage":"de","potentialAction":[{"@type":"ReadAction","target":["https:\/\/delfinseele.de\/index.php\/biodynamische-craniosacrale-koerperarbeit\/"]}]},{"@type":"BreadcrumbList","@id":"https:\/\/delfinseele.de\/index.php\/biodynamische-craniosacrale-koerperarbeit\/#breadcrumb","itemListElement":[{"@type":"ListItem","position":1,"name":"Startseite","item":"https:\/\/delfinseele.de\/"},{"@type":"ListItem","position":2,"name":"Biodynamische Craniosacrale K\u00f6rperarbeit"}]},{"@type":"WebSite","@id":"https:\/\/delfinseele.de\/#website","url":"https:\/\/delfinseele.de\/","name":"Delfinseele - Petra Topfst\u00e4dt","description":"Energetische K\u00f6rper- und Seelenarbeit","publisher":{"@id":"https:\/\/delfinseele.de\/#organization"},"potentialAction":[{"@type":"SearchAction","target":{"@type":"EntryPoint","urlTemplate":"https:\/\/delfinseele.de\/?s={search_term_string}"},"query-input":{"@type":"PropertyValueSpecification","valueRequired":true,"valueName":"search_term_string"}}],"inLanguage":"de"},{"@type":"Organization","@id":"https:\/\/delfinseele.de\/#organization","name":"Delfinseele - Petra Topfst\u00e4dt","url":"https:\/\/delfinseele.de\/","logo":{"@type":"ImageObject","inLanguage":"de","@id":"https:\/\/delfinseele.de\/#\/schema\/logo\/image\/","url":"https:\/\/delfinseele.de\/wp-content\/uploads\/2019\/07\/petra-topfstaedt-delfinseele-logo-144.png","contentUrl":"https:\/\/delfinseele.de\/wp-content\/uploads\/2019\/07\/petra-topfstaedt-delfinseele-logo-144.png","width":144,"height":144,"caption":"Delfinseele - Petra Topfst\u00e4dt"},"image":{"@id":"https:\/\/delfinseele.de\/#\/schema\/logo\/image\/"}}]}},"_links":{"self":[{"href":"https:\/\/delfinseele.de\/index.php\/wp-json\/wp\/v2\/pages\/717","targetHints":{"allow":["GET"]}}],"collection":[{"href":"https:\/\/delfinseele.de\/index.php\/wp-json\/wp\/v2\/pages"}],"about":[{"href":"https:\/\/delfinseele.de\/index.php\/wp-json\/wp\/v2\/types\/page"}],"author":[{"embeddable":true,"href":"https:\/\/delfinseele.de\/index.php\/wp-json\/wp\/v2\/users\/2"}],"replies":[{"embeddable":true,"href":"https:\/\/delfinseele.de\/index.php\/wp-json\/wp\/v2\/comments?post=717"}],"version-history":[{"count":29,"href":"https:\/\/delfinseele.de\/index.php\/wp-json\/wp\/v2\/pages\/717\/revisions"}],"predecessor-version":[{"id":813,"href":"https:\/\/delfinseele.de\/index.php\/wp-json\/wp\/v2\/pages\/717\/revisions\/813"}],"wp:attachment":[{"href":"https:\/\/delfinseele.de\/index.php\/wp-json\/wp\/v2\/media?parent=717"}],"curies":[{"name":"wp","href":"https:\/\/api.w.org\/{rel}","templated":true}]}}